{"id":8465,"date":"2024-02-08T21:01:43","date_gmt":"2024-02-08T21:01:43","guid":{"rendered":"https:\/\/calibracion.com.mx\/tienda\/?post_type=product&#038;p=8465"},"modified":"2024-02-08T21:01:44","modified_gmt":"2024-02-08T21:01:44","slug":"probador-de-agua-yk30wa","status":"publish","type":"product","link":"https:\/\/calibracion.com.mx\/tienda\/probador-de-agua-yk30wa\/","title":{"rendered":"Probador de Agua \u2013 YK30WA"},"content":{"rendered":"<h5><strong>Aplicaciones :<\/strong><\/h5>\n<p>Acuarios, plantas tratadoras de agua, bebidas granjas acu\u00edcolas, procesamiento de alimentos, laboratorio de fotograf\u00eda, industrial del papel, electro plateado (galvanizado), control de calidad, educaci\u00f3n y evaluaci\u00f3n de filtros. Obtener desenlaces de conductividad nos ofrece un indicio para determinar el nivel de poluci\u00f3n del agua. Valora la eficiencia de los m\u00e9todos de purificaci\u00f3n o el desempe\u00f1o de filtros o sistemas de purificaci\u00f3n de agua.<\/p>\n<h5><strong>Especificaciones<\/strong> :<\/h5>\n<ul>\n<li>Aviso de Sobrecarga:Un s\u00edmbolo \u201c1\u201d aparecer\u00e1 en pantalla.<\/li>\n<li>Consumo de Poder:Precisamente DC 5 mA.<\/li>\n<li>Eficiencia :\u00b1 (1% + 1) FS. (Escala Completa) 25 \u00b1 5\u00b0.<\/li>\n<li>Humedad de Operaci\u00f3n:M\u00e1ximo 80% RH.<\/li>\n<li>Compensaci\u00f3n de temperatura:Autom\u00e1tica de 0 a 50\u00b0C (32\u00b0F a 122\u00b0F).<\/li>\n<li>Mediciones:de 0 a 1999 uS (micro Siemens).<\/li>\n<li>Temperatura de Operaci\u00f3n:0 a 50\u00b0C (32\u00b0F a 122\u00b0F).<\/li>\n<li>Retenci\u00f3n de Datos:Retenga la lectura en pantalla.<\/li>\n<li>Resoluci\u00f3n:1 uS.<\/li>\n<li>Grabado en Memorias:Graba las mediciones m\u00e1xima y m\u00ednima.<\/li>\n<\/ul>\n","protected":false},"excerpt":{"rendered":"<p>Peculiaridades primordiales : Port\u00e1til y de f\u00e1cil operaci\u00f3n. Tiene una sonda separada por cable para sencillez de ingreso al interior de contenedores o envases. Pantalla LED digital con 4 d\u00edgitos de n\u00fameros enormes para hacer m\u00e1s simple lectura.<\/p>\n","protected":false},"featured_media":8466,"template":"","meta":[],"product_cat":[16],"product_tag":[],"class_list":["post-8465","product","type-product","status-publish","has-post-thumbnail","hentry","product_cat-uncategorized"],"_links":{"self":[{"href":"https:\/\/calibracion.com.mx\/tienda\/wp-json\/wp\/v2\/product\/8465","targetHints":{"allow":["GET"]}}],"collection":[{"href":"https:\/\/calibracion.com.mx\/tienda\/wp-json\/wp\/v2\/product"}],"about":[{"href":"https:\/\/calibracion.com.mx\/tienda\/wp-json\/wp\/v2\/types\/product"}],"wp:featuredmedia":[{"embeddable":true,"href":"https:\/\/calibracion.com.mx\/tienda\/wp-json\/wp\/v2\/media\/8466"}],"wp:attachment":[{"href":"https:\/\/calibracion.com.mx\/tienda\/wp-json\/wp\/v2\/media?parent=8465"}],"wp:term":[{"taxonomy":"product_cat","embeddable":true,"href":"https:\/\/calibracion.com.mx\/tienda\/wp-json\/wp\/v2\/product_cat?post=8465"},{"taxonomy":"product_tag","embeddable":true,"href":"https:\/\/calibracion.com.mx\/tienda\/wp-json\/wp\/v2\/product_tag?post=8465"}],"curies":[{"name":"wp","href":"https:\/\/api.w.org\/{rel}","templated":true}]}}