{"id":91,"date":"2023-10-24T20:42:29","date_gmt":"2023-10-24T20:42:29","guid":{"rendered":"https:\/\/calibracion.com.mx\/tienda\/?post_type=product&#038;p=91"},"modified":"2023-10-27T20:20:18","modified_gmt":"2023-10-27T20:20:18","slug":"elitech-rc-17n-datalogger-de-temperatura-desechable-nfc","status":"publish","type":"product","link":"https:\/\/calibracion.com.mx\/tienda\/elitech-rc-17n-datalogger-de-temperatura-desechable-nfc\/","title":{"rendered":"Elitech RC-17N datalogger de temperatura desechable nfc"},"content":{"rendered":"<p>Elitech RC-17N<\/p>\n<p>Funcionalidades<\/p>\n<p>\u2981 Rango de medici\u00f3n de temperatura: -30\u00b0C a 70\u00b0C<br \/>\n\u2981 Frecuencia de muestreo: Configurable entre 1 minuto y 24 horas<br \/>\n\u2981 Peso: 16g<br \/>\n\u2981 Marca: Elitech<br \/>\n\u2981 Material de la carcasa: Pl\u00e1stico ABS resistente a impactos y agua<br \/>\n\u2981 Tipo de dispositivo: Datalogger de temperatura desechable NFC<br \/>\n\u2981 Certificaciones: CE, RoHS<br \/>\n\u2981 Interfaz de comunicaci\u00f3n: NFC (Near Field Communication)<br \/>\n\u2981 Precisi\u00f3n de medici\u00f3n de temperatura: \u00b10,5\u00b0C (en el rango de -20\u00b0C a 40\u00b0C); \u00b11\u00b0C (en el rango de -30\u00b0C a -20\u00b0C y 40\u00b0C a 70\u00b0C)<br \/>\n\u2981 Dimensiones: 85mm x 54mm x 8mm<br \/>\n\u2981 Indicador de bater\u00eda baja: S\u00ed<br \/>\n\u2981 Duraci\u00f3n de la bater\u00eda: Aproximadamente 2 a\u00f1os<br \/>\n\u2981 Memoria: 16000 registros de temperatura<br \/>\n\u2981 Resoluci\u00f3n de medici\u00f3n de temperatura: 0,1\u00b0C<br \/>\n\u2981 Alimentaci\u00f3n: Bater\u00eda de litio CR2032 de 3V (no reemplazable)<\/p>\n<p>El datalogger de temperatura desechable NFC Elitech RC-17N es un dispositivo de monitoreo de temperatura s\u00f3lido y simple de utilizar , dise\u00f1ado para una variedad de apps , como la monitorizaci\u00f3n de temperatura de alimentos, medicamentos y modelos perecederos a lo largo del transporte y almacenaje. Con su interfaz NFC, el dispositivo puede ser de forma f\u00e1cil configurado y descargado con la app Elitech NFC en dispositivos m\u00f3viles Android. Adem\u00e1s de esto , su estructura fuerte a impactos y agua garantiza su durabilidad en \u00e1mbitos exigentes.<\/p>\n<p>Con su plataforma de trabajo NFC, el dispositivo puede ser de manera f\u00e1cil configurado y descargado con la app Elitech NFC en dispositivos m\u00f3viles inteligentes Android. Adem\u00e1s de esto , su estructura resistente a impactos y agua garantiza su durabilidad en \u00e1mbitos rigurosos.<\/p>\n<p>&nbsp;<\/p>\n","protected":false},"excerpt":{"rendered":"<h3>CARACTER\u00cdSTICAS ELITECH RC-17N DATALOGGER DE TEMPERATURA DESECHABLE NFC<\/h3>\n<p>El datalogger de temperatura desechable NFC Elitech RC-17N es un dispositivo de monitoreo de temperatura compacto y f\u00e1cil de usar , dise\u00f1ado para una pluralidad de aplicaciones , como la monitorizaci\u00f3n de temperatura de alimentos, medicamentos y productos caducos a lo largo del transporte y almacenamiento.<\/p>\n","protected":false},"featured_media":92,"template":"","meta":[],"product_cat":[16],"product_tag":[],"class_list":["post-91","product","type-product","status-publish","has-post-thumbnail","hentry","product_cat-uncategorized"],"_links":{"self":[{"href":"https:\/\/calibracion.com.mx\/tienda\/wp-json\/wp\/v2\/product\/91","targetHints":{"allow":["GET"]}}],"collection":[{"href":"https:\/\/calibracion.com.mx\/tienda\/wp-json\/wp\/v2\/product"}],"about":[{"href":"https:\/\/calibracion.com.mx\/tienda\/wp-json\/wp\/v2\/types\/product"}],"wp:featuredmedia":[{"embeddable":true,"href":"https:\/\/calibracion.com.mx\/tienda\/wp-json\/wp\/v2\/media\/92"}],"wp:attachment":[{"href":"https:\/\/calibracion.com.mx\/tienda\/wp-json\/wp\/v2\/media?parent=91"}],"wp:term":[{"taxonomy":"product_cat","embeddable":true,"href":"https:\/\/calibracion.com.mx\/tienda\/wp-json\/wp\/v2\/product_cat?post=91"},{"taxonomy":"product_tag","embeddable":true,"href":"https:\/\/calibracion.com.mx\/tienda\/wp-json\/wp\/v2\/product_tag?post=91"}],"curies":[{"name":"wp","href":"https:\/\/api.w.org\/{rel}","templated":true}]}}