{"id":925,"date":"2023-11-02T15:06:41","date_gmt":"2023-11-02T15:06:41","guid":{"rendered":"https:\/\/calibracion.com.mx\/tienda\/?post_type=product&#038;p=925"},"modified":"2023-11-02T15:06:42","modified_gmt":"2023-11-02T15:06:42","slug":"mitutoyo-543-790-indicador-digital-id-s-0001-mm","status":"publish","type":"product","link":"https:\/\/calibracion.com.mx\/tienda\/mitutoyo-543-790-indicador-digital-id-s-0001-mm\/","title":{"rendered":"Mitutoyo 543-790 indicador digital id-s, 0,001 mm."},"content":{"rendered":"<p>El indicador digital ID-S tiene una enorme altura de caracteres de 9 mm que da una aceptable legibilidad.<\/p>\n<p>&nbsp;<\/p>\n<p><strong>Funciones:<\/strong><\/p>\n<ul>\n<li>El sensor ABSOLUTE significa que no debe realizar la configuraci\u00f3n de origen cada vez que lo enciende , lo que le ahorra tiempo y afecciones.<\/li>\n<li>Puede entrar a todas las funciones usando el gran botones en la parte frontal del indicio.<\/li>\n<\/ul>\n<h4>Mitutoyo 543-790 Especificaciones:<\/h4>\n<table class=\"table table-striped\" style=\"height: 380px;\" width=\"669\">\n<tbody>\n<tr>\n<td>Gama:<\/td>\n<td>12,7 mil\u00edmetros<\/td>\n<\/tr>\n<tr>\n<td>Paso Digital:<\/td>\n<td>0,001 mil\u00edmetros<\/td>\n<\/tr>\n<tr>\n<td>Error m\u00e1ximo de indicaci\u00f3n admisible:<\/td>\n<td>0,003 mil\u00edmetros<\/td>\n<\/tr>\n<tr>\n<td>Hist\u00e9resis:<\/td>\n<td>0,002 mil\u00edmetros<\/td>\n<\/tr>\n<tr>\n<td>Repetibilidad:<\/td>\n<td>0,002 mil\u00edmetros<\/td>\n<\/tr>\n<tr>\n<td>Masa:<\/td>\n<td>150 g<\/td>\n<\/tr>\n<tr>\n<td>Escama:<\/td>\n<td>Tipo de capacitancia, codificador lineal ABSOLUTO<\/td>\n<\/tr>\n<tr>\n<td>Velocidad m\u00e1xima de respuesta:<\/td>\n<td>Ilimitado<\/td>\n<\/tr>\n<tr>\n<td>\u00d8 del v\u00e1stago:<\/td>\n<td>8 mil\u00edmetros<\/td>\n<\/tr>\n<tr>\n<td>Fuente de alimentaci\u00f3n:<\/td>\n<td>1 bater\u00eda SR-44<\/td>\n<\/tr>\n<tr>\n<td>Monitor:<\/td>\n<td>LCD, altura de caracteres 9 mm<\/td>\n<\/tr>\n<\/tbody>\n<\/table>\n","protected":false},"excerpt":{"rendered":"<p>El indicio digital ID-S es confiable y f\u00e1cil de emplear , con una duraci\u00f3n excepcional de la bater\u00eda y viene con 0,001 mm y una leng\u00fceta posterior.<\/p>\n","protected":false},"featured_media":926,"template":"","meta":[],"product_cat":[16],"product_tag":[],"class_list":["post-925","product","type-product","status-publish","has-post-thumbnail","hentry","product_cat-uncategorized"],"_links":{"self":[{"href":"https:\/\/calibracion.com.mx\/tienda\/wp-json\/wp\/v2\/product\/925","targetHints":{"allow":["GET"]}}],"collection":[{"href":"https:\/\/calibracion.com.mx\/tienda\/wp-json\/wp\/v2\/product"}],"about":[{"href":"https:\/\/calibracion.com.mx\/tienda\/wp-json\/wp\/v2\/types\/product"}],"wp:featuredmedia":[{"embeddable":true,"href":"https:\/\/calibracion.com.mx\/tienda\/wp-json\/wp\/v2\/media\/926"}],"wp:attachment":[{"href":"https:\/\/calibracion.com.mx\/tienda\/wp-json\/wp\/v2\/media?parent=925"}],"wp:term":[{"taxonomy":"product_cat","embeddable":true,"href":"https:\/\/calibracion.com.mx\/tienda\/wp-json\/wp\/v2\/product_cat?post=925"},{"taxonomy":"product_tag","embeddable":true,"href":"https:\/\/calibracion.com.mx\/tienda\/wp-json\/wp\/v2\/product_tag?post=925"}],"curies":[{"name":"wp","href":"https:\/\/api.w.org\/{rel}","templated":true}]}}